 p(j) = 3*j + 5. Let b be p(-4). Let n(y) = -y**3 - 8*y**2 - 8*y + 4. What is the units digit of n(b)?
1
Let i = 84 - 78. What is the units digit of i?
6
Let x = -78 - -169. Let g = x + -64. What is the tens digit of g?
2
Let a(t) = -t + 10. Let w be a(7). Suppose -4 = 4*c - 20, 0 = -q + w*c - 11. What is the units digit of q?
1
Let j(v) = -6*v + 4. Let z be j(-4). Suppose 0 = 2*a + 5*l - z, 6*l - 8 = 2*l. What is the units digit of a?
9
Suppose 0 = -4*c + 187 - 67. What is the tens digit of c?
3
Let i(f) = f**3 + 9*f**2 + f + 12. Let v be i(-9). What is the units digit of (v/2)/(4/48)?
8
Let n(v) = 2*v**2 + 6. What is the tens digit of n(9)?
6
Suppose -4*n - 4 = -2*d + 10, -2 = d + n. Suppose 3*k = d + 5. Suppose -7*f + 4 = k*p - 3*f, 6 = 3*p - 4*f. What is the units digit of p?
2
Suppose -k + 1 = 0, 3*c + 30 = 3*k - 6*k. What is the units digit of (c + -4)*(-1)/3?
5
Let p = -4 + 7. Suppose 20 = 4*f - p*m - 37, -5*m = f - 43. What is the tens digit of f?
1
Suppose 6 - 1 = x. Suppose x*z = 71 + 14. What is the units digit of z?
7
Suppose l - 12 - 17 = 0. Suppose -6*q - 10 = -q + 4*x, 5*x = 2*q - l. What is the units digit of q?
2
Let t = 269 - 126. What is the tens digit of t?
4
Let f(a) = a**3 - 4*a + 2. Let x(i) = -i**3 - 3*i**2 + 4*i + 3. Let g be x(-4). What is the units digit of f(g)?
7
Let b(j) = -j**3 + j**2 + 55. Let x be b(0). Suppose k = -4*k + x. What is the tens digit of k?
1
Let o(u) = -4*u + 2. Suppose 3*q - 2 = -8. Let l be o(q). Suppose j = 3*j - 3*d - 18, -2*j + d = -l. What is the units digit of j?
3
Let w be 4/((-24)/(-3))*-2. What is the units digit of -2 + 12 + w - 0?
9
What is the units digit of 20*(-2 - 20/(-8))?
0
Let p(j) = -16*j + 5. What is the units digit of p(-5)?
5
Suppose 2*d - 45 = -3*d. Let m(o) = 0 - d*o + 3*o + o**2 - 1. What is the units digit of m(7)?
6
Let x(c) = -c**2 + 9*c - 10. Let d(z) = -z**3 + 7*z**2 + 9*z - 1. Let b be d(8). Let y be x(b). Suppose -y*i = -5*i + 8. What is the units digit of i?
8
Let y(z) = 2*z - 4. Let h be y(5). Let m = h - -1. What is the units digit of m?
7
Let v = 9 + 1. What is the units digit of v?
0
Suppose 2*z - 4*z + 10 = 0. Let d(t) = z - 2*t - 6 - 4*t + 0. What is the units digit of d(-1)?
5
Let g(i) = -i**3 - 4*i**2 - 3*i + 4. Suppose -4 = -q + 6. Suppose 4*s + x + 8 = -q, -2*x - 8 = s. What is the units digit of g(s)?
6
Let x be 2 - ((3 - 0) + -4). Suppose -25 = -4*s + x. What is the units digit of s?
7
Let i(o) = 4*o**2 - 3*o + 23. What is the tens digit of i(4)?
7
Let p(u) = -2*u**2 + u. Let a be p(-1). Let h = -3 - a. Suppose -30 = -3*n - h*n. What is the tens digit of n?
1
Suppose -2*q + 5*x + 10 = 0, 0*q = -3*q - 5*x + 15. Let o = -3 + q. Suppose 0*c - 16 = 4*c, -16 = -o*g + 2*c. What is the units digit of g?
4
Let m be ((-28)/8 + 3)*-6. Let p(z) = z**3 - z**2 - 3*z - 1. What is the units digit of p(m)?
8
Let x be -3*(-2 + (-8)/(-6)). Suppose 11*p + 3*g = 6*p + 168, -x = -2*g. What is the tens digit of p?
3
Let n(k) = -k + 8. Let r be n(7). Suppose 5 = 2*x - r. What is the units digit of x?
3
Suppose 12 = -5*r + 32. Suppose -104 = -4*q - 3*g, r*q - 3*g - 57 = 71. What is the units digit of q?
9
Suppose -2*c - 3*f = 2*f - 469, -9 = -3*f. What is the units digit of c?
7
Let x(g) = 5*g - 3. Let h be x(4). Let p = -1 + h. What is the tens digit of p?
1
Let l(h) = -h**3 + 8*h**2 - 5*h - 9. Let f be l(7). Suppose 0 = -f*x + 18 + 7. Let i = 21 - x. What is the units digit of i?
6
Let i = 5 + 5. Suppose d - 1 = i. What is the units digit of d?
1
Let q = -183 + 356. What is the tens digit of q?
7
Let i(p) = -p**3 + 10*p**2 + 5*p + 5. What is the tens digit of i(8)?
7
Suppose -k = -2*k + 2. Suppose -8 = f - 3*w, -9 = -0*f + k*f + w. Let i = 17 + f. What is the units digit of i?
2
Suppose 3 = -5*y - 2*h + 7, 5*y - 22 = 4*h. Suppose 0 = -y*j - 2 + 10. Suppose -2*n = 5*m - 81, 45 = 3*m + j*n - n. What is the tens digit of m?
1
What is the tens digit of (-3 - -4 - 4) + 202?
9
Suppose -l = -2*l + 2. Suppose -l*i - i = 54. Let k = i + 28. What is the units digit of k?
0
What is the tens digit of 3370/12 + (76/(-24))/(-19)?
8
Suppose 146 = 5*x - 4*b, -11 - 89 = -4*x - b. Suppose 0 = 2*d - 14 - x. What is the tens digit of d?
2
Let x be 5/(2*2/36). Let j = -27 + x. What is the units digit of j?
8
Let z be ((-28)/(-16))/((-1)/4). Let s = z + 16. What is the units digit of s?
9
Suppose 91 + 129 = -5*t. Let l = 75 + t. What is the tens digit of l?
3
Suppose -s + 5*w - 3*w = -28, s + w - 34 = 0. What is the tens digit of s?
3
Let j be 33/(1 + 0 - 0). Let h = -20 + j. What is the units digit of h?
3
Suppose m + 5*b = 0, -3*m = -4*b + b. Suppose m*z - 48 = 4*z. What is the units digit of (-8)/z*21/2?
7
Suppose -13 = -2*u + 5. What is the units digit of u?
9
Let z be (12/(-9))/(2/(-96)). Suppose -5*n - r = 148 + 1, 0 = 2*n - 4*r + z. What is the units digit of n/(-4)*(-8)/(-3)?
0
Let b = 22 + -19. Suppose -3*y - 138 = -4*f, -2*y - 62 = -2*f + b*y. What is the tens digit of f?
3
Let g = -24 - -75. What is the tens digit of g?
5
Let q(v) = 6*v**2 - v. Let w be q(1). Let h = 4 - w. What is the units digit of 1 + 2 + h - 0?
2
Let n be (0 + -19)/(3/(-6)). Let x = -5 - -8. Suppose -5*g + 27 + n = 4*s, 0 = -x*g - 3*s + 42. What is the units digit of g?
9
Let g(h) = -h**2 - 14 - 16*h + 4 + 15*h. Let d be g(0). Let y(q) = q**3 + 10*q**2 - q + 7. What is the tens digit of y(d)?
1
Let k be 2*-4*(-3)/6. What is the tens digit of (-18 - -1)*k/(-4)?
1
Let k(h) be the second derivative of h**4/12 + 2*h**3/3 + h**2 + h. What is the units digit of k(-5)?
7
Let l = 3 - -6. What is the units digit of l?
9
Let p(c) = c**2 - 8*c + 1. Let w(g) = g**2 - 9*g + 2. Let l(k) = -5*p(k) + 4*w(k). Let m be l(4). What is the units digit of ((-1)/m)/(3/(-45))?
5
Let g(m) = -22*m - 1. Let t be g(-2). Suppose -b = 2*j + j - t, 0 = -j - 4*b + 7. What is the tens digit of j?
1
Suppose 4 + 4 = -4*f. Let u = f - -5. What is the units digit of u?
3
Let u(p) = -p - 5*p + 4*p + 3*p. What is the units digit of u(6)?
6
Let b(m) = 2*m**3 - m**2 + 3*m - 2. What is the units digit of b(2)?
6
Let d be 2/6 - (-112)/24. Suppose d*x = 5*f + 55, 3*x - x + 2*f = 14. What is the units digit of x?
9
Suppose -2*q + 1 = -3. Suppose 2*u - q = 12. What is the units digit of u?
7
Suppose -i + 4 = 3*j + 1, i - 3 = -j. Let b be (i*1/3)/1. Let s = 2 + b. What is the units digit of s?
3
Let m(y) = -y**3 + 6*y**2 + 3*y - 4. Suppose 4*c + u = 26, -2*u + 28 = 6*c - 2*c. Let d be m(c). Let a = -10 + d. What is the units digit of a?
4
Suppose -252 = -8*m + 2*m. What is the units digit of m?
2
Let i be (5 - -2) + (-9)/(-3). What is the tens digit of (-2 + i)*16/4?
3
What is the units digit of 30/4 + 7/14?
8
Let r = 396 + -185. What is the tens digit of r?
1
Let a(o) = -2*o**3 - 3*o**2 - 3*o - 2. What is the units digit of a(-2)?
8
Let y(q) be the second derivative of -q**7/840 + q**5/40 - q**4/24 + q**3/6 + 4*q. Let t(x) be the second derivative of y(x). What is the tens digit of t(-3)?
1
Let z = -17 + 6. Let a = -15 - z. What is the units digit of -6*(2/a + 0)?
3
Suppose -4*s + 393 = -s. What is the units digit of s?
1
What is the units digit of (8/(-16))/((-1)/610)?
5
Suppose 0 = v + 1 - 8. What is the units digit of v?
7
What is the tens digit of (17 + 0)*1/((-3)/(-6))?
3
Let m(h) = h**2 + 7*h - 9. What is the tens digit of m(-11)?
3
Let n be (2/(-4))/(1/(-2)). Suppose -73 = -4*p - n. Let h = 26 - p. What is the units digit of h?
8
Let i be 1*(2 - -3 - 1). Suppose 15 = l + 4*l, 16 = i*k - 4*l. What is the units digit of k?
7
Suppose 0 = -2*w - 3*w - 860. What is the tens digit of w/(-16) - 2/(-8)?
1
Suppose 97 - 37 = 5*b. Suppose -2*a = 3*q - b, -4*a + 10*q + 2 = 5*q. Suppose 2*g = -6, 1 = a*u + 3*g - 2. What is the units digit of u?
4
Let v(j) = 8*j - 2. What is the units digit of v(4)?
0
What is the units digit of (65/(-10) + 6)*-6?
3
Let a = 4 - 3. Suppose -a - 9 = -2*k, 0 = 2*x + k - 9. Suppose x*m - 1 = 3. What is the units digit of m?
2
Let s = 154 - 219. Let d = 98 + s. What is the units digit of d?
3
Suppose 5*y + 8 = -22. Let o be 30*(2 + 10/y). What is the units digit of o/(-4)*12/(-15)?
2
What is the units digit of -4 + 10 + -4 + 90?
2
Let h = 153 - 94. What is the units digit of h?
9
Suppose 4*u - 4 = 8. Suppose u + 0 = 3*t. Suppose 17 =